{"id":9,"date":"2025-04-23T14:21:17","date_gmt":"2025-04-23T12:21:17","guid":{"rendered":"https:\/\/nexter.pl\/?page_id=9"},"modified":"2025-05-26T15:08:27","modified_gmt":"2025-05-26T13:08:27","slug":"strona-glowna","status":"publish","type":"page","link":"https:\/\/nexter.pl\/","title":{"rendered":"Strona g\u0142\u00f3wna"},"content":{"rendered":"\t\t<div data-elementor-type=\"wp-page\" data-elementor-id=\"9\" class=\"elementor elementor-9\">\n\t\t\t\t<div class=\"elementor-element elementor-element-c89ac71 e-flex e-con-boxed e-con e-parent\" data-id=\"c89ac71\" data-element_type=\"container\" data-settings=\"{&quot;background_background&quot;:&quot;classic&quot;}\">\n\t\t\t\t\t<div class=\"e-con-inner\">\n\t\t\t\t\t<\/div>\n\t\t\t\t<\/div>\n\t\t<div class=\"elementor-element elementor-element-21bd94e e-flex e-con-boxed e-con e-parent\" data-id=\"21bd94e\" data-element_type=\"container\">\n\t\t\t\t\t<div class=\"e-con-inner\">\n\t\t\t\t<div class=\"elementor-element elementor-element-3c28b50 elementor-widget elementor-widget-spacer\" data-id=\"3c28b50\" data-element_type=\"widget\" data-widget_type=\"spacer.default\">\n\t\t\t\t<div class=\"elementor-widget-container\">\n\t\t\t\t\t\t\t<div class=\"elementor-spacer\">\n\t\t\t<div class=\"elementor-spacer-inner\"><\/div>\n\t\t<\/div>\n\t\t\t\t\t\t<\/div>\n\t\t\t\t<\/div>\n\t\t\t\t\t<\/div>\n\t\t\t\t<\/div>\n\t\t<div class=\"elementor-element elementor-element-ebd48e4 e-grid e-con-boxed e-con e-parent\" data-id=\"ebd48e4\" data-element_type=\"container\">\n\t\t\t\t\t<div class=\"e-con-inner\">\n\t\t\t\t<div class=\"elementor-element elementor-element-ff979bd e-transform e-transform e-transform e-transform elementor-position-top elementor-invisible elementor-widget elementor-widget-image-box\" data-id=\"ff979bd\" data-element_type=\"widget\" data-settings=\"{&quot;_animation&quot;:&quot;zoomIn&quot;,&quot;_transform_translateX_effect&quot;:{&quot;unit&quot;:&quot;px&quot;,&quot;size&quot;:0,&quot;sizes&quot;:[]},&quot;_transform_rotateZ_effect&quot;:{&quot;unit&quot;:&quot;px&quot;,&quot;size&quot;:&quot;&quot;,&quot;sizes&quot;:[]},&quot;_transform_rotateZ_effect_tablet&quot;:{&quot;unit&quot;:&quot;deg&quot;,&quot;size&quot;:&quot;&quot;,&quot;sizes&quot;:[]},&quot;_transform_rotateZ_effect_mobile&quot;:{&quot;unit&quot;:&quot;deg&quot;,&quot;size&quot;:&quot;&quot;,&quot;sizes&quot;:[]},&quot;_transform_translateX_effect_tablet&quot;:{&quot;unit&quot;:&quot;px&quot;,&quot;size&quot;:&quot;&quot;,&quot;sizes&quot;:[]},&quot;_transform_translateX_effect_mobile&quot;:{&quot;unit&quot;:&quot;px&quot;,&quot;size&quot;:&quot;&quot;,&quot;sizes&quot;:[]},&quot;_transform_translateY_effect&quot;:{&quot;unit&quot;:&quot;px&quot;,&quot;size&quot;:&quot;&quot;,&quot;sizes&quot;:[]},&quot;_transform_translateY_effect_tablet&quot;:{&quot;unit&quot;:&quot;px&quot;,&quot;size&quot;:&quot;&quot;,&quot;sizes&quot;:[]},&quot;_transform_translateY_effect_mobile&quot;:{&quot;unit&quot;:&quot;px&quot;,&quot;size&quot;:&quot;&quot;,&quot;sizes&quot;:[]},&quot;_transform_scale_effect&quot;:{&quot;unit&quot;:&quot;px&quot;,&quot;size&quot;:&quot;&quot;,&quot;sizes&quot;:[]},&quot;_transform_scale_effect_tablet&quot;:{&quot;unit&quot;:&quot;px&quot;,&quot;size&quot;:&quot;&quot;,&quot;sizes&quot;:[]},&quot;_transform_scale_effect_mobile&quot;:{&quot;unit&quot;:&quot;px&quot;,&quot;size&quot;:&quot;&quot;,&quot;sizes&quot;:[]},&quot;_transform_skewX_effect&quot;:{&quot;unit&quot;:&quot;px&quot;,&quot;size&quot;:&quot;&quot;,&quot;sizes&quot;:[]},&quot;_transform_skewX_effect_tablet&quot;:{&quot;unit&quot;:&quot;deg&quot;,&quot;size&quot;:&quot;&quot;,&quot;sizes&quot;:[]},&quot;_transform_skewX_effect_mobile&quot;:{&quot;unit&quot;:&quot;deg&quot;,&quot;size&quot;:&quot;&quot;,&quot;sizes&quot;:[]},&quot;_transform_skewY_effect&quot;:{&quot;unit&quot;:&quot;px&quot;,&quot;size&quot;:&quot;&quot;,&quot;sizes&quot;:[]},&quot;_transform_skewY_effect_tablet&quot;:{&quot;unit&quot;:&quot;deg&quot;,&quot;size&quot;:&quot;&quot;,&quot;sizes&quot;:[]},&quot;_transform_skewY_effect_mobile&quot;:{&quot;unit&quot;:&quot;deg&quot;,&quot;size&quot;:&quot;&quot;,&quot;sizes&quot;:[]}}\" data-widget_type=\"image-box.default\">\n\t\t\t\t<div class=\"elementor-widget-container\">\n\t\t\t\t\t<div class=\"elementor-image-box-wrapper\"><figure class=\"elementor-image-box-img\"><a href=\"https:\/\/www.nexhorse.pl\" target=\"_blank\" tabindex=\"-1\"><img decoding=\"async\" src=\"https:\/\/nexter.pl\/wp-content\/uploads\/elementor\/thumbs\/2-r6334ofrucvxva8z90tvmyivzumvqn85hv7uonsjps.png\" title=\"\" alt=\"\" class=\"elementor-animation-grow\" loading=\"lazy\" \/><\/a><\/figure><div class=\"elementor-image-box-content\"><h3 class=\"elementor-image-box-title\"><a href=\"https:\/\/www.nexhorse.pl\" target=\"_blank\">Nexhorse<\/a><\/h3><p class=\"elementor-image-box-description\">Wy\u0142\u0105czny dystrybutor na terenie Polski uznanych nutraceutyk\u00f3w weterynaryjnych dla koni irlandzkiego producenta <b>Mervue Laboratories<\/b><\/p><\/div><\/div>\t\t\t\t<\/div>\n\t\t\t\t<\/div>\n\t\t\t\t<div class=\"elementor-element elementor-element-eb1392e e-transform e-transform e-transform e-transform elementor-position-top elementor-invisible elementor-widget elementor-widget-image-box\" data-id=\"eb1392e\" data-element_type=\"widget\" data-settings=\"{&quot;_animation&quot;:&quot;zoomIn&quot;,&quot;_transform_translateX_effect&quot;:{&quot;unit&quot;:&quot;px&quot;,&quot;size&quot;:0,&quot;sizes&quot;:[]},&quot;_transform_rotateZ_effect&quot;:{&quot;unit&quot;:&quot;px&quot;,&quot;size&quot;:&quot;&quot;,&quot;sizes&quot;:[]},&quot;_transform_rotateZ_effect_tablet&quot;:{&quot;unit&quot;:&quot;deg&quot;,&quot;size&quot;:&quot;&quot;,&quot;sizes&quot;:[]},&quot;_transform_rotateZ_effect_mobile&quot;:{&quot;unit&quot;:&quot;deg&quot;,&quot;size&quot;:&quot;&quot;,&quot;sizes&quot;:[]},&quot;_transform_translateX_effect_tablet&quot;:{&quot;unit&quot;:&quot;px&quot;,&quot;size&quot;:&quot;&quot;,&quot;sizes&quot;:[]},&quot;_transform_translateX_effect_mobile&quot;:{&quot;unit&quot;:&quot;px&quot;,&quot;size&quot;:&quot;&quot;,&quot;sizes&quot;:[]},&quot;_transform_translateY_effect&quot;:{&quot;unit&quot;:&quot;px&quot;,&quot;size&quot;:&quot;&quot;,&quot;sizes&quot;:[]},&quot;_transform_translateY_effect_tablet&quot;:{&quot;unit&quot;:&quot;px&quot;,&quot;size&quot;:&quot;&quot;,&quot;sizes&quot;:[]},&quot;_transform_translateY_effect_mobile&quot;:{&quot;unit&quot;:&quot;px&quot;,&quot;size&quot;:&quot;&quot;,&quot;sizes&quot;:[]},&quot;_transform_scale_effect&quot;:{&quot;unit&quot;:&quot;px&quot;,&quot;size&quot;:&quot;&quot;,&quot;sizes&quot;:[]},&quot;_transform_scale_effect_tablet&quot;:{&quot;unit&quot;:&quot;px&quot;,&quot;size&quot;:&quot;&quot;,&quot;sizes&quot;:[]},&quot;_transform_scale_effect_mobile&quot;:{&quot;unit&quot;:&quot;px&quot;,&quot;size&quot;:&quot;&quot;,&quot;sizes&quot;:[]},&quot;_transform_skewX_effect&quot;:{&quot;unit&quot;:&quot;px&quot;,&quot;size&quot;:&quot;&quot;,&quot;sizes&quot;:[]},&quot;_transform_skewX_effect_tablet&quot;:{&quot;unit&quot;:&quot;deg&quot;,&quot;size&quot;:&quot;&quot;,&quot;sizes&quot;:[]},&quot;_transform_skewX_effect_mobile&quot;:{&quot;unit&quot;:&quot;deg&quot;,&quot;size&quot;:&quot;&quot;,&quot;sizes&quot;:[]},&quot;_transform_skewY_effect&quot;:{&quot;unit&quot;:&quot;px&quot;,&quot;size&quot;:&quot;&quot;,&quot;sizes&quot;:[]},&quot;_transform_skewY_effect_tablet&quot;:{&quot;unit&quot;:&quot;deg&quot;,&quot;size&quot;:&quot;&quot;,&quot;sizes&quot;:[]},&quot;_transform_skewY_effect_mobile&quot;:{&quot;unit&quot;:&quot;deg&quot;,&quot;size&quot;:&quot;&quot;,&quot;sizes&quot;:[]}}\" data-widget_type=\"image-box.default\">\n\t\t\t\t<div class=\"elementor-widget-container\">\n\t\t\t\t\t<div class=\"elementor-image-box-wrapper\"><figure class=\"elementor-image-box-img\"><a href=\"https:\/\/www.nexpet.pl\" target=\"_blank\" tabindex=\"-1\"><img decoding=\"async\" src=\"https:\/\/nexter.pl\/wp-content\/uploads\/elementor\/thumbs\/3-r6334pdm16x86w7m3j8i7gacl8i8ycbvtzvc5xr5jk.png\" title=\"\" alt=\"\" class=\"elementor-animation-grow\" loading=\"lazy\" \/><\/a><\/figure><div class=\"elementor-image-box-content\"><h3 class=\"elementor-image-box-title\"><a href=\"https:\/\/www.nexpet.pl\" target=\"_blank\">Nexpet<\/a><\/h3><p class=\"elementor-image-box-description\">Wy\u0142\u0105czny dystrybutor produkt\u00f3w\n<b>SOOPA <\/b>i <b>I'm Different <\/b><br>Przysmaki dla ps\u00f3w najwy\u017cszej jako\u015bci.<\/p><\/div><\/div>\t\t\t\t<\/div>\n\t\t\t\t<\/div>\n\t\t\t\t\t<\/div>\n\t\t\t\t<\/div>\n\t\t<div class=\"elementor-element elementor-element-9c3fc61 e-flex e-con-boxed e-con e-parent\" data-id=\"9c3fc61\" data-element_type=\"container\">\n\t\t\t\t\t<div class=\"e-con-inner\">\n\t\t\t\t<div class=\"elementor-element elementor-element-5cef911 elementor-widget elementor-widget-spacer\" data-id=\"5cef911\" data-element_type=\"widget\" data-widget_type=\"spacer.default\">\n\t\t\t\t<div class=\"elementor-widget-container\">\n\t\t\t\t\t\t\t<div class=\"elementor-spacer\">\n\t\t\t<div class=\"elementor-spacer-inner\"><\/div>\n\t\t<\/div>\n\t\t\t\t\t\t<\/div>\n\t\t\t\t<\/div>\n\t\t\t\t\t<\/div>\n\t\t\t\t<\/div>\n\t\t<div class=\"elementor-element elementor-element-33c11c9 e-grid e-con-boxed e-con e-parent\" data-id=\"33c11c9\" data-element_type=\"container\" data-settings=\"{&quot;background_background&quot;:&quot;classic&quot;}\">\n\t\t\t\t\t<div class=\"e-con-inner\">\n\t\t\t\t<div class=\"elementor-element elementor-element-a8850d8 elementor-position-top elementor-widget elementor-widget-image-box\" data-id=\"a8850d8\" data-element_type=\"widget\" data-widget_type=\"image-box.default\">\n\t\t\t\t<div class=\"elementor-widget-container\">\n\t\t\t\t\t<div class=\"elementor-image-box-wrapper\"><figure class=\"elementor-image-box-img\"><img fetchpriority=\"high\" decoding=\"async\" width=\"300\" height=\"300\" src=\"https:\/\/nexter.pl\/wp-content\/uploads\/2025\/05\/naturalne.png\" class=\"attachment-full size-full wp-image-199\" alt=\"\" srcset=\"https:\/\/nexter.pl\/wp-content\/uploads\/2025\/05\/naturalne.png 300w, https:\/\/nexter.pl\/wp-content\/uploads\/2025\/05\/naturalne-150x150.png 150w\" sizes=\"(max-width: 300px) 100vw, 300px\" \/><\/figure><div class=\"elementor-image-box-content\"><h3 class=\"elementor-image-box-title\">Naturalne sk\u0142adniki<\/h3><p class=\"elementor-image-box-description\">Produkty tworzone wy\u0142\u0105cznie na bazie naturalnych, starannie dobranych surowc\u00f3w.<\/p><\/div><\/div>\t\t\t\t<\/div>\n\t\t\t\t<\/div>\n\t\t\t\t<div class=\"elementor-element elementor-element-8ee09c3 elementor-position-top elementor-widget elementor-widget-image-box\" data-id=\"8ee09c3\" data-element_type=\"widget\" data-widget_type=\"image-box.default\">\n\t\t\t\t<div class=\"elementor-widget-container\">\n\t\t\t\t\t<div class=\"elementor-image-box-wrapper\"><figure class=\"elementor-image-box-img\"><img decoding=\"async\" width=\"300\" height=\"300\" src=\"https:\/\/nexter.pl\/wp-content\/uploads\/2025\/05\/dostawa.png\" class=\"attachment-full size-full wp-image-197\" alt=\"\" srcset=\"https:\/\/nexter.pl\/wp-content\/uploads\/2025\/05\/dostawa.png 300w, https:\/\/nexter.pl\/wp-content\/uploads\/2025\/05\/dostawa-150x150.png 150w\" sizes=\"(max-width: 300px) 100vw, 300px\" \/><\/figure><div class=\"elementor-image-box-content\"><h3 class=\"elementor-image-box-title\">Szybka dostawa<\/h3><p class=\"elementor-image-box-description\">Zapewniamy sprawn\u0105 i terminow\u0105 realizacj\u0119 zam\u00f3wie\u0144 na terenie ca\u0142ego kraju.<\/p><\/div><\/div>\t\t\t\t<\/div>\n\t\t\t\t<\/div>\n\t\t\t\t<div class=\"elementor-element elementor-element-1ae8332 elementor-position-top elementor-widget elementor-widget-image-box\" data-id=\"1ae8332\" data-element_type=\"widget\" data-widget_type=\"image-box.default\">\n\t\t\t\t<div class=\"elementor-widget-container\">\n\t\t\t\t\t<div class=\"elementor-image-box-wrapper\"><figure class=\"elementor-image-box-img\"><img decoding=\"async\" width=\"300\" height=\"300\" src=\"https:\/\/nexter.pl\/wp-content\/uploads\/2025\/05\/jakosc.png\" class=\"attachment-full size-full wp-image-198\" alt=\"\" srcset=\"https:\/\/nexter.pl\/wp-content\/uploads\/2025\/05\/jakosc.png 300w, https:\/\/nexter.pl\/wp-content\/uploads\/2025\/05\/jakosc-150x150.png 150w\" sizes=\"(max-width: 300px) 100vw, 300px\" \/><\/figure><div class=\"elementor-image-box-content\"><h3 class=\"elementor-image-box-title\">Wysoka jako\u015b\u0107<\/h3><p class=\"elementor-image-box-description\">Nasze produkty spe\u0142niaj\u0105 rygorystyczne normy bezpiecze\u0144stwa i jako\u015bci.<\/p><\/div><\/div>\t\t\t\t<\/div>\n\t\t\t\t<\/div>\n\t\t\t\t\t<\/div>\n\t\t\t\t<\/div>\n\t\t<div class=\"elementor-element elementor-element-e0e150b e-flex e-con-boxed e-con e-parent\" data-id=\"e0e150b\" data-element_type=\"container\">\n\t\t\t\t\t<div class=\"e-con-inner\">\n\t\t\t\t<div class=\"elementor-element elementor-element-89c11e5 elementor-widget elementor-widget-spacer\" data-id=\"89c11e5\" data-element_type=\"widget\" data-widget_type=\"spacer.default\">\n\t\t\t\t<div class=\"elementor-widget-container\">\n\t\t\t\t\t\t\t<div class=\"elementor-spacer\">\n\t\t\t<div class=\"elementor-spacer-inner\"><\/div>\n\t\t<\/div>\n\t\t\t\t\t\t<\/div>\n\t\t\t\t<\/div>\n\t\t\t\t\t<\/div>\n\t\t\t\t<\/div>\n\t\t<div class=\"elementor-element elementor-element-cf2e4aa e-flex e-con-boxed e-con e-parent\" data-id=\"cf2e4aa\" data-element_type=\"container\">\n\t\t\t\t\t<div class=\"e-con-inner\">\n\t\t<div class=\"elementor-element elementor-element-918ea86 e-con-full e-flex e-con e-child\" data-id=\"918ea86\" data-element_type=\"container\">\n\t\t\t\t<div class=\"elementor-element elementor-element-8301f4f elementor-widget elementor-widget-text-editor\" data-id=\"8301f4f\" data-element_type=\"widget\" data-widget_type=\"text-editor.default\">\n\t\t\t\t<div class=\"elementor-widget-container\">\n\t\t\t\t\t\t\t\t\t<p>W\u0142a\u015bcicielem serwisu jest Przedsi\u0119biorstwo &#8222;NEXTER&#8221; Sp. z\u00a0o.o., <br \/>wpisana w\u00a0Centralnej Ewidencji i\u00a0Informacji o\u00a0Dzia\u0142alno\u015bci Gospodarczej, <br \/>posiadaj\u0105c\u0105 adres miejsca g\u0142\u00f3wnego wykonywania dzia\u0142alno\u015bci: <br \/>ul. Graniczna 66, 44-178\u00a0Przyszowice,\u00a0<br \/>NIP: 9540021743, REGON: 003506125,\u00a0<\/p><p><b>Nr konta bankowego 79 1050 1214 1000 0023 2894 8316<\/b><\/p>\t\t\t\t\t\t\t\t<\/div>\n\t\t\t\t<\/div>\n\t\t\t\t<\/div>\n\t\t<div class=\"elementor-element elementor-element-680d039 e-con-full e-flex e-con e-child\" data-id=\"680d039\" data-element_type=\"container\">\n\t\t\t\t<div class=\"elementor-element elementor-element-38d500b elementor-widget elementor-widget-text-editor\" data-id=\"38d500b\" data-element_type=\"widget\" data-widget_type=\"text-editor.default\">\n\t\t\t\t<div class=\"elementor-widget-container\">\n\t\t\t\t\t\t\t\t\t<p>Kontakt:<\/p>\n<p>Nexter sp. z o.o.<br>ul. Graniczna 66,<br><span style=\"color: var( --e-global-color-text ); font-family: var( --e-global-typography-text-font-family ), Sans-serif; font-weight: var( --e-global-typography-text-font-weight ); text-align: var(--text-align); font-size: 1rem;\">44-178&nbsp;Przyszowice,<br>nexter@nexter.pl,<br>+48 32 257 13 01<\/span><\/p>\t\t\t\t\t\t\t\t<\/div>\n\t\t\t\t<\/div>\n\t\t\t\t<\/div>\n\t\t\t\t\t<\/div>\n\t\t\t\t<\/div>\n\t\t\t\t<\/div>\n\t\t","protected":false},"excerpt":{"rendered":"<p>Nexhorse Wy\u0142\u0105czny dystrybutor na terenie Polski uznanych nutraceutyk\u00f3w weterynaryjnych dla koni irlandzkiego producenta Mervue Laboratories Nexpet Wy\u0142\u0105czny dystrybutor produkt\u00f3w SOOPA i I&#8217;m Different Przysmaki dla ps\u00f3w najwy\u017cszej jako\u015bci. Naturalne sk\u0142adniki Produkty tworzone wy\u0142\u0105cznie na bazie naturalnych, starannie dobranych surowc\u00f3w. Szybka dostawa Zapewniamy sprawn\u0105 i terminow\u0105 realizacj\u0119 zam\u00f3wie\u0144 na terenie ca\u0142ego kraju. Wysoka jako\u015b\u0107 Nasze produkty [&hellip;]<\/p>\n","protected":false},"author":1,"featured_media":0,"parent":0,"menu_order":0,"comment_status":"closed","ping_status":"closed","template":"elementor_canvas","meta":{"footnotes":""},"class_list":["post-9","page","type-page","status-publish","hentry"],"yoast_head":"<!-- This site is optimized with the Yoast SEO plugin v25.1 - https:\/\/yoast.com\/wordpress\/plugins\/seo\/ -->\n<title>Strona g\u0142\u00f3wna - Nexter<\/title>\n<meta name=\"robots\" content=\"index, follow, max-snippet:-1, max-image-preview:large, max-video-preview:-1\" \/>\n<link rel=\"canonical\" href=\"https:\/\/nexter.pl\/\" \/>\n<meta property=\"og:locale\" content=\"pl_PL\" \/>\n<meta property=\"og:type\" content=\"article\" \/>\n<meta property=\"og:title\" content=\"Strona g\u0142\u00f3wna - Nexter\" \/>\n<meta property=\"og:description\" content=\"Nexhorse Wy\u0142\u0105czny dystrybutor na terenie Polski uznanych nutraceutyk\u00f3w weterynaryjnych dla koni irlandzkiego producenta Mervue Laboratories Nexpet Wy\u0142\u0105czny dystrybutor produkt\u00f3w SOOPA i I&#8217;m Different Przysmaki dla ps\u00f3w najwy\u017cszej jako\u015bci. Naturalne sk\u0142adniki Produkty tworzone wy\u0142\u0105cznie na bazie naturalnych, starannie dobranych surowc\u00f3w. Szybka dostawa Zapewniamy sprawn\u0105 i terminow\u0105 realizacj\u0119 zam\u00f3wie\u0144 na terenie ca\u0142ego kraju. Wysoka jako\u015b\u0107 Nasze produkty [&hellip;]\" \/>\n<meta property=\"og:url\" content=\"https:\/\/nexter.pl\/\" \/>\n<meta property=\"og:site_name\" content=\"Nexter\" \/>\n<meta property=\"article:modified_time\" content=\"2025-05-26T13:08:27+00:00\" \/>\n<meta property=\"og:image\" content=\"https:\/\/nexter.pl\/wp-content\/uploads\/elementor\/thumbs\/2-r6334ofrucvxva8z90tvmyivzumvqn85hv7uonsjps.png\" \/>\n<meta name=\"twitter:card\" content=\"summary_large_image\" \/>\n<meta name=\"twitter:label1\" content=\"Szacowany czas czytania\" \/>\n\t<meta name=\"twitter:data1\" content=\"2 minuty\" \/>\n<script type=\"application\/ld+json\" class=\"yoast-schema-graph\">{\"@context\":\"https:\/\/schema.org\",\"@graph\":[{\"@type\":\"WebPage\",\"@id\":\"https:\/\/nexter.pl\/\",\"url\":\"https:\/\/nexter.pl\/\",\"name\":\"Strona g\u0142\u00f3wna - Nexter\",\"isPartOf\":{\"@id\":\"https:\/\/nexter.pl\/#website\"},\"primaryImageOfPage\":{\"@id\":\"https:\/\/nexter.pl\/#primaryimage\"},\"image\":{\"@id\":\"https:\/\/nexter.pl\/#primaryimage\"},\"thumbnailUrl\":\"https:\/\/nexter.pl\/wp-content\/uploads\/elementor\/thumbs\/2-r6334ofrucvxva8z90tvmyivzumvqn85hv7uonsjps.png\",\"datePublished\":\"2025-04-23T12:21:17+00:00\",\"dateModified\":\"2025-05-26T13:08:27+00:00\",\"breadcrumb\":{\"@id\":\"https:\/\/nexter.pl\/#breadcrumb\"},\"inLanguage\":\"pl-PL\",\"potentialAction\":[{\"@type\":\"ReadAction\",\"target\":[\"https:\/\/nexter.pl\/\"]}]},{\"@type\":\"ImageObject\",\"inLanguage\":\"pl-PL\",\"@id\":\"https:\/\/nexter.pl\/#primaryimage\",\"url\":\"https:\/\/nexter.pl\/wp-content\/uploads\/elementor\/thumbs\/2-r6334ofrucvxva8z90tvmyivzumvqn85hv7uonsjps.png\",\"contentUrl\":\"https:\/\/nexter.pl\/wp-content\/uploads\/elementor\/thumbs\/2-r6334ofrucvxva8z90tvmyivzumvqn85hv7uonsjps.png\"},{\"@type\":\"BreadcrumbList\",\"@id\":\"https:\/\/nexter.pl\/#breadcrumb\",\"itemListElement\":[{\"@type\":\"ListItem\",\"position\":1,\"name\":\"Home\",\"item\":\"https:\/\/nexter.pl\/\"},{\"@type\":\"ListItem\",\"position\":2,\"name\":\"Strona g\u0142\u00f3wna\"}]},{\"@type\":\"WebSite\",\"@id\":\"https:\/\/nexter.pl\/#website\",\"url\":\"https:\/\/nexter.pl\/\",\"name\":\"Nexter\",\"description\":\"\",\"publisher\":{\"@id\":\"https:\/\/nexter.pl\/#organization\"},\"potentialAction\":[{\"@type\":\"SearchAction\",\"target\":{\"@type\":\"EntryPoint\",\"urlTemplate\":\"https:\/\/nexter.pl\/?s={search_term_string}\"},\"query-input\":{\"@type\":\"PropertyValueSpecification\",\"valueRequired\":true,\"valueName\":\"search_term_string\"}}],\"inLanguage\":\"pl-PL\"},{\"@type\":\"Organization\",\"@id\":\"https:\/\/nexter.pl\/#organization\",\"name\":\"Nexter\",\"url\":\"https:\/\/nexter.pl\/\",\"logo\":{\"@type\":\"ImageObject\",\"inLanguage\":\"pl-PL\",\"@id\":\"https:\/\/nexter.pl\/#\/schema\/logo\/image\/\",\"url\":\"https:\/\/nexter.pl\/wp-content\/uploads\/2025\/04\/LogoNexter.jpg\",\"contentUrl\":\"https:\/\/nexter.pl\/wp-content\/uploads\/2025\/04\/LogoNexter.jpg\",\"width\":903,\"height\":320,\"caption\":\"Nexter\"},\"image\":{\"@id\":\"https:\/\/nexter.pl\/#\/schema\/logo\/image\/\"}}]}<\/script>\n<!-- \/ Yoast SEO plugin. -->","yoast_head_json":{"title":"Strona g\u0142\u00f3wna - Nexter","robots":{"index":"index","follow":"follow","max-snippet":"max-snippet:-1","max-image-preview":"max-image-preview:large","max-video-preview":"max-video-preview:-1"},"canonical":"https:\/\/nexter.pl\/","og_locale":"pl_PL","og_type":"article","og_title":"Strona g\u0142\u00f3wna - Nexter","og_description":"Nexhorse Wy\u0142\u0105czny dystrybutor na terenie Polski uznanych nutraceutyk\u00f3w weterynaryjnych dla koni irlandzkiego producenta Mervue Laboratories Nexpet Wy\u0142\u0105czny dystrybutor produkt\u00f3w SOOPA i I&#8217;m Different Przysmaki dla ps\u00f3w najwy\u017cszej jako\u015bci. Naturalne sk\u0142adniki Produkty tworzone wy\u0142\u0105cznie na bazie naturalnych, starannie dobranych surowc\u00f3w. Szybka dostawa Zapewniamy sprawn\u0105 i terminow\u0105 realizacj\u0119 zam\u00f3wie\u0144 na terenie ca\u0142ego kraju. Wysoka jako\u015b\u0107 Nasze produkty [&hellip;]","og_url":"https:\/\/nexter.pl\/","og_site_name":"Nexter","article_modified_time":"2025-05-26T13:08:27+00:00","og_image":[{"url":"https:\/\/nexter.pl\/wp-content\/uploads\/elementor\/thumbs\/2-r6334ofrucvxva8z90tvmyivzumvqn85hv7uonsjps.png","type":"","width":"","height":""}],"twitter_card":"summary_large_image","twitter_misc":{"Szacowany czas czytania":"2 minuty"},"schema":{"@context":"https:\/\/schema.org","@graph":[{"@type":"WebPage","@id":"https:\/\/nexter.pl\/","url":"https:\/\/nexter.pl\/","name":"Strona g\u0142\u00f3wna - Nexter","isPartOf":{"@id":"https:\/\/nexter.pl\/#website"},"primaryImageOfPage":{"@id":"https:\/\/nexter.pl\/#primaryimage"},"image":{"@id":"https:\/\/nexter.pl\/#primaryimage"},"thumbnailUrl":"https:\/\/nexter.pl\/wp-content\/uploads\/elementor\/thumbs\/2-r6334ofrucvxva8z90tvmyivzumvqn85hv7uonsjps.png","datePublished":"2025-04-23T12:21:17+00:00","dateModified":"2025-05-26T13:08:27+00:00","breadcrumb":{"@id":"https:\/\/nexter.pl\/#breadcrumb"},"inLanguage":"pl-PL","potentialAction":[{"@type":"ReadAction","target":["https:\/\/nexter.pl\/"]}]},{"@type":"ImageObject","inLanguage":"pl-PL","@id":"https:\/\/nexter.pl\/#primaryimage","url":"https:\/\/nexter.pl\/wp-content\/uploads\/elementor\/thumbs\/2-r6334ofrucvxva8z90tvmyivzumvqn85hv7uonsjps.png","contentUrl":"https:\/\/nexter.pl\/wp-content\/uploads\/elementor\/thumbs\/2-r6334ofrucvxva8z90tvmyivzumvqn85hv7uonsjps.png"},{"@type":"BreadcrumbList","@id":"https:\/\/nexter.pl\/#breadcrumb","itemListElement":[{"@type":"ListItem","position":1,"name":"Home","item":"https:\/\/nexter.pl\/"},{"@type":"ListItem","position":2,"name":"Strona g\u0142\u00f3wna"}]},{"@type":"WebSite","@id":"https:\/\/nexter.pl\/#website","url":"https:\/\/nexter.pl\/","name":"Nexter","description":"","publisher":{"@id":"https:\/\/nexter.pl\/#organization"},"potentialAction":[{"@type":"SearchAction","target":{"@type":"EntryPoint","urlTemplate":"https:\/\/nexter.pl\/?s={search_term_string}"},"query-input":{"@type":"PropertyValueSpecification","valueRequired":true,"valueName":"search_term_string"}}],"inLanguage":"pl-PL"},{"@type":"Organization","@id":"https:\/\/nexter.pl\/#organization","name":"Nexter","url":"https:\/\/nexter.pl\/","logo":{"@type":"ImageObject","inLanguage":"pl-PL","@id":"https:\/\/nexter.pl\/#\/schema\/logo\/image\/","url":"https:\/\/nexter.pl\/wp-content\/uploads\/2025\/04\/LogoNexter.jpg","contentUrl":"https:\/\/nexter.pl\/wp-content\/uploads\/2025\/04\/LogoNexter.jpg","width":903,"height":320,"caption":"Nexter"},"image":{"@id":"https:\/\/nexter.pl\/#\/schema\/logo\/image\/"}}]}},"_links":{"self":[{"href":"https:\/\/nexter.pl\/index.php?rest_route=\/wp\/v2\/pages\/9","targetHints":{"allow":["GET"]}}],"collection":[{"href":"https:\/\/nexter.pl\/index.php?rest_route=\/wp\/v2\/pages"}],"about":[{"href":"https:\/\/nexter.pl\/index.php?rest_route=\/wp\/v2\/types\/page"}],"author":[{"embeddable":true,"href":"https:\/\/nexter.pl\/index.php?rest_route=\/wp\/v2\/users\/1"}],"replies":[{"embeddable":true,"href":"https:\/\/nexter.pl\/index.php?rest_route=%2Fwp%2Fv2%2Fcomments&post=9"}],"version-history":[{"count":170,"href":"https:\/\/nexter.pl\/index.php?rest_route=\/wp\/v2\/pages\/9\/revisions"}],"predecessor-version":[{"id":236,"href":"https:\/\/nexter.pl\/index.php?rest_route=\/wp\/v2\/pages\/9\/revisions\/236"}],"wp:attachment":[{"href":"https:\/\/nexter.pl\/index.php?rest_route=%2Fwp%2Fv2%2Fmedia&parent=9"}],"curies":[{"name":"wp","href":"https:\/\/api.w.org\/{rel}","templated":true}]}}